{"id":2505,"date":"2014-12-22T08:41:24","date_gmt":"2014-12-22T08:41:24","guid":{"rendered":"https:\/\/www.laitnaa.fr\/?page_id=2505"},"modified":"2014-12-23T10:00:34","modified_gmt":"2014-12-23T10:00:34","slug":"intranet-producteur-2","status":"publish","type":"page","link":"https:\/\/www.laitnaa.fr\/?page_id=2505","title":{"rendered":"Intranet producteurs"},"content":{"rendered":"<h3 style=\"text-align: center;\"><span style=\"color: #000080;\"><a href=\"https:\/\/www.laitnaa.fr\/wp-content\/uploads\/2014\/11\/images.jpg\"><img loading=\"lazy\" decoding=\"async\" class=\"alignleft wp-image-2472 \" src=\"https:\/\/www.laitnaa.fr\/wp-content\/uploads\/2014\/11\/images.jpg\" alt=\"images\" width=\"108\" height=\"118\" \/><\/a><\/span><span style=\"color: #000080;\">Bienvenue sur l&rsquo; Intranet producteurs <\/span><span style=\"color: #000080;\">de <\/span><span style=\"color: #000080;\">la Coop\u00e9rative LAITNAA<\/span><\/h3>\n<p>&nbsp;<\/p>\n<p style=\"text-align: center;\"><span style=\"color: #000000;\">\u21d2 Vous trouverez dans ce nouvel espace : <\/span><\/p>\n<p style=\"text-align: left;\"><span style=\"color: #000000;\">\u00a0\u00a0\u00a0\u00a0\u00a0\u00a0\u00a0\u00a0\u00a0\u00a0\u00a0\u00a0\u00a0\u00a0\u00a0\u00a0\u00a0\u00a0\u00a0\u00a0\u00a0\u00a0\u00a0 \u2666 les contacts (diff\u00e9rents\u00a0services de la coop\u00e9rative, administrateurs)<\/span><\/p>\n<p style=\"text-align: left;\"><span style=\"color: #000000;\">\u00a0\u00a0\u00a0\u00a0\u00a0\u00a0\u00a0\u00a0\u00a0\u00a0\u00a0\u00a0\u00a0\u00a0\u00a0\u00a0\u00a0\u00a0\u00a0\u00a0\u00a0\u00a0\u00a0 \u2666 des informations Hygi\u00e8ne et Qualit\u00e9,<\/span><\/p>\n<p style=\"text-align: left;\"><span style=\"color: #000000;\">\u00a0\u00a0\u00a0\u00a0\u00a0\u00a0\u00a0\u00a0\u00a0\u00a0\u00a0\u00a0\u00a0\u00a0\u00a0\u00a0\u00a0\u00a0\u00a0\u00a0\u00a0\u00a0\u00a0 \u2666 le r\u00e8glement int\u00e9rieur, Statuts<\/span><\/p>\n<p style=\"text-align: left;\"><span style=\"color: #000000;\">\u00a0\u00a0\u00a0\u00a0\u00a0\u00a0\u00a0\u00a0\u00a0\u00a0\u00a0\u00a0\u00a0\u00a0\u00a0\u00a0\u00a0\u00a0\u00a0\u00a0\u00a0\u00a0\u00a0 \u2666 ainsi qu&rsquo;un portail de commande en ligne Agrofourniture.<\/span><\/p>\n<p style=\"text-align: center;\"><span style=\"color: #000000;\">\u00a0\u00a0\u00a0\u00a0\u00a0\u00a0\u00a0\u00a0\u00a0\u00a0\u00a0\u00a0\u00a0\u00a0\u00a0\u00a0\u00a0\u00a0\u00a0\u00a0\u00a0\u00a0\u00a0\u00a0\u00a0\u00a0\u00a0\u00a0\u00a0\u00a0\u00a0\u00a0\u00a0\u00a0\u00a0\u00a0\u00a0\u00a0\u00a0\u00a0\u00a0\u00a0\u00a0\u00a0\u00a0\u00a0\u00a0\u00a0\u00a0\u00a0\u00a0\u00a0\u21d2 Un acc\u00e8s priv\u00e9 et s\u00e9curis\u00e9 est \u00e9galement \u00e0 votre disposition : <\/span><\/p>\n<p><span style=\"color: #000000;\">\u00a0\u00a0\u00a0\u00a0\u00a0\u00a0\u00a0\u00a0\u00a0\u00a0\u00a0\u00a0\u00a0\u00a0\u00a0\u00a0\u00a0\u00a0\u00a0\u00a0\u00a0\u00a0 \u2666 il contient vos informations personnelles&#8230;..<\/span><\/p>\n","protected":false},"excerpt":{"rendered":"<p>Bienvenue sur l&rsquo; Intranet producteurs de la Coop\u00e9rative LAITNAA &nbsp; \u21d2 Vous trouverez dans ce nouvel espace : \u00a0\u00a0\u00a0\u00a0\u00a0\u00a0\u00a0\u00a0\u00a0\u00a0\u00a0\u00a0\u00a0\u00a0\u00a0\u00a0\u00a0\u00a0\u00a0\u00a0\u00a0\u00a0\u00a0 \u2666 les contacts (diff\u00e9rents\u00a0services de la coop\u00e9rative, administrateurs) \u00a0\u00a0\u00a0\u00a0\u00a0\u00a0\u00a0\u00a0\u00a0\u00a0\u00a0\u00a0\u00a0\u00a0\u00a0\u00a0\u00a0\u00a0\u00a0\u00a0\u00a0\u00a0\u00a0 \u2666 des informations Hygi\u00e8ne et Qualit\u00e9, \u00a0\u00a0\u00a0\u00a0\u00a0\u00a0\u00a0\u00a0\u00a0\u00a0\u00a0\u00a0\u00a0\u00a0\u00a0\u00a0\u00a0\u00a0\u00a0\u00a0\u00a0\u00a0\u00a0 \u2666 le r\u00e8glement int\u00e9rieur, Statuts &hellip; <a href=\"https:\/\/www.laitnaa.fr\/?page_id=2505\">Continuer la lecture <span class=\"meta-nav\">&rarr;<\/span><\/a><\/p>\n","protected":false},"author":11,"featured_media":0,"parent":0,"menu_order":200,"comment_status":"closed","ping_status":"open","template":"protect-page.php","meta":{"footnotes":""},"class_list":["post-2505","page","type-page","status-publish","hentry"],"_links":{"self":[{"href":"https:\/\/www.laitnaa.fr\/index.php?rest_route=\/wp\/v2\/pages\/2505","targetHints":{"allow":["GET"]}}],"collection":[{"href":"https:\/\/www.laitnaa.fr\/index.php?rest_route=\/wp\/v2\/pages"}],"about":[{"href":"https:\/\/www.laitnaa.fr\/index.php?rest_route=\/wp\/v2\/types\/page"}],"author":[{"embeddable":true,"href":"https:\/\/www.laitnaa.fr\/index.php?rest_route=\/wp\/v2\/users\/11"}],"replies":[{"embeddable":true,"href":"https:\/\/www.laitnaa.fr\/index.php?rest_route=%2Fwp%2Fv2%2Fcomments&post=2505"}],"version-history":[{"count":17,"href":"https:\/\/www.laitnaa.fr\/index.php?rest_route=\/wp\/v2\/pages\/2505\/revisions"}],"predecessor-version":[{"id":2576,"href":"https:\/\/www.laitnaa.fr\/index.php?rest_route=\/wp\/v2\/pages\/2505\/revisions\/2576"}],"wp:attachment":[{"href":"https:\/\/www.laitnaa.fr\/index.php?rest_route=%2Fwp%2Fv2%2Fmedia&parent=2505"}],"curies":[{"name":"wp","href":"https:\/\/api.w.org\/{rel}","templated":true}]}}