{"id":2451,"date":"2014-12-22T08:35:10","date_gmt":"2014-12-22T08:35:10","guid":{"rendered":"https:\/\/www.laitnaa.fr\/?page_id=2451"},"modified":"2018-02-14T15:42:08","modified_gmt":"2018-02-14T15:42:08","slug":"accueil-2","status":"publish","type":"page","link":"https:\/\/www.laitnaa.fr\/?page_id=2451","title":{"rendered":"Accueil"},"content":{"rendered":"<p style=\"text-align: center;\"><span style=\"color: #000080;\"><a href=\"https:\/\/www.laitnaa.fr\/wp-content\/uploads\/2014\/11\/Image2.jpg\"><img loading=\"lazy\" decoding=\"async\" class=\"alignleft wp-image-2454 \" src=\"https:\/\/www.laitnaa.fr\/wp-content\/uploads\/2014\/11\/Image2.jpg\" alt=\"Image2\" width=\"348\" height=\"487\" srcset=\"https:\/\/www.laitnaa.fr\/wp-content\/uploads\/2014\/11\/Image2.jpg 299w, https:\/\/www.laitnaa.fr\/wp-content\/uploads\/2014\/11\/Image2-214x300.jpg 214w\" sizes=\"auto, (max-width: 348px) 100vw, 348px\" \/><\/a>\u00a0<\/span><\/p>\n<p style=\"text-align: center;\"><span style=\"color: #000080;\">LAITNAA<\/span> (Soci\u00e9t\u00e9 Coop\u00e9rative Agricole <span style=\"color: #000080;\">LAIT N<\/span>ord <span style=\"color: #000080;\">A<\/span>isne <span style=\"color: #000080;\">A<\/span>rdennes) a pour but la collecte et la commercialisation du lait<\/p>\n<p style=\"text-align: center;\">de ses associ\u00e9s coop\u00e9rateurs.<\/p>\n<p style=\"text-align: center;\">Elle collecte ~\u00a0230 millions de litres de lait r\u00e9partis sur les d\u00e9partements du Nord (59), de l&rsquo;Aisne (02), des Ardennes (08), de la Meuse (55)\u00a0 et\u00a0de l&rsquo;Oise (60).<\/p>\n<p style=\"text-align: center;\">D\u00e9couvrez dans l&rsquo;historique la gen\u00e8se de la coop\u00e9rative en 2006 et son \u00e9volution, l&rsquo;organigramme ainsi<\/p>\n<p style=\"text-align: center;\">que la fiche signal\u00e9tique et une pr\u00e9sentation plus d\u00e9taill\u00e9e, en navigant sur ce site.<\/p>\n<p style=\"text-align: center;\"><span style=\"color: #000080;\">&#x2666;\u00a0\u00a0 N&rsquo;h\u00e9sitez pas \u00e0 vous exprimer en\u00a0compl\u00e9tant\u00a0 la fiche dans l&rsquo;onglet \u00ab\u00a0Nous contacter\u00a0\u00bb.<\/span><\/p>\n<p>&nbsp;<\/p>\n<p><span style=\"color: #0000ff;\">LAITNAA <span style=\"color: #000000;\">(Society Cooperative Agricultural <span style=\"color: #0000ff;\">LAIT N<span style=\"color: #000000;\">orth, <span style=\"color: #0000ff;\">A<span style=\"color: #000000;\">isne, <span style=\"color: #0000ff;\">A<span style=\"color: #000000;\">rdennes) aims at collecting and marketing the milk of its cooperative members. LAITNAA collects 230 Million liters of milk spread across the departments of Nord (59), Aisne (02), Ardennes (08), Meuse (55) and Oise (60). <\/span><\/span><\/span><\/span><\/span><\/span><\/span><\/span><\/p>\n<p><span style=\"color: #0000ff;\"><span style=\"color: #000000;\"><span style=\"color: #0000ff;\"><span style=\"color: #000000;\"><span style=\"color: #0000ff;\"><span style=\"color: #000000;\"><span style=\"color: #0000ff;\"><span style=\"color: #000000;\">Discover the historical genesis of the cooperative in 2006 and its evolution,\u00a0the organizational chart as well as the data sheet and more detailed presentation by browsing the website.<\/span><\/span><\/span><\/span><\/span><\/span><\/span><\/span><\/p>\n<p><span style=\"color: #0000ff;\">\u00a0&#x2666;\u00a0\u00a0 Do not hesitate to express yourself by completing the form in the tab \u00ab\u00a0Nous contacter\u00a0\u00bb.<\/span><\/p>\n","protected":false},"excerpt":{"rendered":"<p>\u00a0 LAITNAA (Soci\u00e9t\u00e9 Coop\u00e9rative Agricole LAIT Nord Aisne Ardennes) a pour but la collecte et la commercialisation du lait de ses associ\u00e9s coop\u00e9rateurs. Elle collecte ~\u00a0230 millions de litres de lait r\u00e9partis sur les d\u00e9partements du Nord (59), de l&rsquo;Aisne &hellip; <a href=\"https:\/\/www.laitnaa.fr\/?page_id=2451\">Continuer la lecture <span class=\"meta-nav\">&rarr;<\/span><\/a><\/p>\n","protected":false},"author":11,"featured_media":0,"parent":0,"menu_order":0,"comment_status":"closed","ping_status":"open","template":"","meta":{"footnotes":""},"class_list":["post-2451","page","type-page","status-publish","hentry"],"_links":{"self":[{"href":"https:\/\/www.laitnaa.fr\/index.php?rest_route=\/wp\/v2\/pages\/2451","targetHints":{"allow":["GET"]}}],"collection":[{"href":"https:\/\/www.laitnaa.fr\/index.php?rest_route=\/wp\/v2\/pages"}],"about":[{"href":"https:\/\/www.laitnaa.fr\/index.php?rest_route=\/wp\/v2\/types\/page"}],"author":[{"embeddable":true,"href":"https:\/\/www.laitnaa.fr\/index.php?rest_route=\/wp\/v2\/users\/11"}],"replies":[{"embeddable":true,"href":"https:\/\/www.laitnaa.fr\/index.php?rest_route=%2Fwp%2Fv2%2Fcomments&post=2451"}],"version-history":[{"count":20,"href":"https:\/\/www.laitnaa.fr\/index.php?rest_route=\/wp\/v2\/pages\/2451\/revisions"}],"predecessor-version":[{"id":3691,"href":"https:\/\/www.laitnaa.fr\/index.php?rest_route=\/wp\/v2\/pages\/2451\/revisions\/3691"}],"wp:attachment":[{"href":"https:\/\/www.laitnaa.fr\/index.php?rest_route=%2Fwp%2Fv2%2Fmedia&parent=2451"}],"curies":[{"name":"wp","href":"https:\/\/api.w.org\/{rel}","templated":true}]}}